{"id":5,"date":"2021-03-15T08:27:59","date_gmt":"2021-03-15T08:27:59","guid":{"rendered":"http:\/\/www.movasalon.com\/?page_id=5"},"modified":"2021-06-16T12:12:45","modified_gmt":"2021-06-16T12:12:45","slug":"web-sitenizi-bloklar-ile-olusturun","status":"publish","type":"page","link":"http:\/\/www.movasalon.com\/","title":{"rendered":"Salonlar\u0131m\u0131z"},"content":{"rendered":"\n<div class=\"wp-block-columns alignwide\">\n<div class=\"wp-block-column is-vertically-aligned-center\">\n<h5 class=\"has-text-align-left\">K\u0131r D\u00fc\u011f\u00fcn Salonumuz<\/h5>\n\n\n\n<figure class=\"wp-block-image size-large is-resized\"><img loading=\"lazy\" src=\"http:\/\/www.movasalon.com\/wp-content\/uploads\/2021\/03\/ELRV0859-edited.jpg\" alt=\"\" class=\"wp-image-87\" width=\"355\" height=\"205\"\/><\/figure>\n\n\n\n<p>200 ki\u015filik A\u00e7\u0131k Alanda t\u00fcm g\u00fczelliklerini bar\u0131nd\u0131ran bir \u00e7ok de\u011fi\u015fik t\u00fcrden a\u011fa\u00e7lar\u0131m\u0131z ve rengarenk \u00e7i\u00e7eklerle ye\u015filin her tonunu i\u00e7ine \u00e7ekebilece\u011fimiz tertemiz havas\u0131 ile k\u0131r d\u00fc\u011f\u00fcn\u00fc, s\u00fcnnet, ni\u015fan, toplu yemekler, ve her t\u00fcrl\u00fc organizasyonlarla hizmetinizdeyiz.<\/p>\n<\/div>\n\n\n\n<div class=\"wp-block-column is-vertically-aligned-top\">\n<h5 class=\"has-text-align-left\">Havuzba\u015f\u0131 D\u00fc\u011f\u00fcn Salonumuz<\/h5>\n\n\n\n<figure class=\"wp-block-image size-large is-resized is-style-default\"><img loading=\"lazy\" src=\"http:\/\/www.movasalon.com\/wp-content\/uploads\/2021\/03\/DNFA9860-edited-2.jpg\" alt=\"\" class=\"wp-image-88\" width=\"355\" height=\"205\"\/><\/figure>\n\n\n\n<p>Havuzba\u015f\u0131 d\u00fc\u011f\u00fcn salonumuz ile evlenecek \u00e7iftlerin hayatlar\u0131ndaki en g\u00fczel g\u00fcnlerini, r\u00fcya gibi ge\u00e7erlemelerini sa\u011flamak i\u00e7in 1000 ki\u015filik salonumuz ile her t\u00fcrl\u00fc organizasyonlarla hizmetinizdeyiz.<\/p>\n<\/div>\n\n\n\n<div class=\"wp-block-column is-vertically-aligned-top\">\n<h5 class=\"has-text-align-left\">Kapal\u0131 D\u00fc\u011f\u00fcn Salonumuz<\/h5>\n\n\n\n<figure class=\"wp-block-image size-large is-resized\"><img loading=\"lazy\" src=\"http:\/\/www.movasalon.com\/wp-content\/uploads\/2021\/03\/giydirme-59-1-edited-1-scaled.jpg\" alt=\"\" class=\"wp-image-89\" width=\"355\" height=\"205\"\/><\/figure>\n\n\n\n<p>1500 Ki\u015filik Kapal\u0131 Salonumuz ile hayallerinizdeki t\u00fcm organizasyonlar\u0131n\u0131z\u0131 en mutlu \u015fekilde ger\u00e7ekle\u015ftirmek hizmetinizdeyiz.<\/p>\n<\/div>\n<\/div>\n","protected":false},"excerpt":{"rendered":"<p>K\u0131r D\u00fc\u011f\u00fcn Salonumuz 200 ki\u015filik A\u00e7\u0131k Alanda t\u00fcm g\u00fczelliklerini bar\u0131nd\u0131ran bir \u00e7ok de\u011fi\u015fik t\u00fcrden a\u011fa\u00e7lar\u0131m\u0131z ve rengarenk \u00e7i\u00e7eklerle ye\u015filin her tonunu i\u00e7ine \u00e7ekebilece\u011fimiz tertemiz havas\u0131 ile k\u0131r d\u00fc\u011f\u00fcn\u00fc, s\u00fcnnet, ni\u015fan, toplu yemekler, ve her t\u00fcrl\u00fc organizasyonlarla hizmetinizdeyiz. Havuzba\u015f\u0131 D\u00fc\u011f\u00fcn Salonumuz Havuzba\u015f\u0131 d\u00fc\u011f\u00fcn salonumuz ile evlenecek \u00e7iftlerin hayatlar\u0131ndaki en g\u00fczel g\u00fcnlerini, [&hellip;]<\/p>\n","protected":false},"author":1,"featured_media":24,"parent":0,"menu_order":0,"comment_status":"closed","ping_status":"closed","template":"","meta":[],"_links":{"self":[{"href":"http:\/\/www.movasalon.com\/index.php\/wp-json\/wp\/v2\/pages\/5"}],"collection":[{"href":"http:\/\/www.movasalon.com\/index.php\/wp-json\/wp\/v2\/pages"}],"about":[{"href":"http:\/\/www.movasalon.com\/index.php\/wp-json\/wp\/v2\/types\/page"}],"author":[{"embeddable":true,"href":"http:\/\/www.movasalon.com\/index.php\/wp-json\/wp\/v2\/users\/1"}],"replies":[{"embeddable":true,"href":"http:\/\/www.movasalon.com\/index.php\/wp-json\/wp\/v2\/comments?post=5"}],"version-history":[{"count":18,"href":"http:\/\/www.movasalon.com\/index.php\/wp-json\/wp\/v2\/pages\/5\/revisions"}],"predecessor-version":[{"id":104,"href":"http:\/\/www.movasalon.com\/index.php\/wp-json\/wp\/v2\/pages\/5\/revisions\/104"}],"wp:featuredmedia":[{"embeddable":true,"href":"http:\/\/www.movasalon.com\/index.php\/wp-json\/wp\/v2\/media\/24"}],"wp:attachment":[{"href":"http:\/\/www.movasalon.com\/index.php\/wp-json\/wp\/v2\/media?parent=5"}],"curies":[{"name":"wp","href":"https:\/\/api.w.org\/{rel}","templated":true}]}}